ime factors of c(-11)?
2, 3, 41
Let o be (-9076)/18 + (-8)/(-36). Let k(s) = s + 6. Let d be k(-6). List the prime factors of o/(-2) - (d/(-1) - 2).
2, 127
Let h = -60615 + 146187. List the prime factors of h.
2, 3, 2377
Suppose -13*v = -4237 - 2679. Suppose 0 = -2*p + 4, 11*p - 14*p = -d + v. What are the prime factors of d?
2, 269
Suppose -l + q = -1, 2*l - 3*q + 7 = 2*q. Suppose -i = l*i + 2*i. Suppose i = 3*o - 23 - 22. What are the prime factors of o?
3, 5
Suppose -27354 = 20*w - 170994. What are the prime factors of w?
2, 3, 7, 19
Let k be 1/(1 + -3 + 10/4). Suppose 3*o = -k*o. Suppose -3*g = -p - 6*g + 37, o = -2*p + 3*g + 47. List the prime factors of p.
2, 7
Suppose 2*l - 13 + 3 = 0. Suppose -4*b = -3*h, b - 5*b - l*h = -32. Suppose 384 = -b*q + 1137. What are the prime factors of q?
251
Let m(t) = 16*t**3 - 5*t**2 - 21*t + 49. What are the prime factors of m(11)?
20509
Suppose -4*g = -5*c - 70644, -1127*g - 3*c = -1126*g - 17678. List the prime factors of g.
2, 11, 73
Let r(c) = 8*c**3 - 3*c**2 + 2*c - 2. Let p be r(2). Let l be (-14)/(-18) + (228/p - 4). Suppose l = -u + 26. What are the prime factors of u?
5
Let r(j) = 1038*j + 95. Let v be r(5). Suppose -k = 4*f + 4*k - v, 5*f + k = 6622. List the prime factors of f.
5, 53
Suppose 4*z = -18 + 10. Let y(j) = 59*j**2 + 2*j + 2. Let q be y(z). Suppose -r = 12*r - q. List the prime factors of r.
2, 3
Let y = 65 - 61. Let m be 2156/6 - y*(-5)/30. Suppose 0 = -11*o + 399 + m. List the prime factors of o.
3, 23
Suppose 0 = 10*x + 3*x - 11830. Suppose 0 = -2*j + j + 5*r + 902, -j - 3*r + x = 0. List the prime factors of j.
907
Let z = 3814 + 5788. Suppose 28*u - z - 37270 = 0. List the prime factors of u.
2, 3, 31
Suppose 0 = 4*z - 2*z + 4. What are the prime factors of ((-112)/70)/(z/(-5)) + 1396?
2, 3, 29
Let u(y) = -y**2 + 16*y + 67. Let h be u(19). Suppose 0 = h*b + 16*b - 12974. What are the prime factors of b?
499
Let r(g) = -g**3 - 7*g**2 - 104. What are the prime factors of r(-20)?
2, 7, 13
Suppose 10*f - 9*f = -2. Let p be (3 + 14/f)*(-21)/12. Suppose 0 = -p*i + 17*i - 1750. List the prime factors of i.
5, 7
Suppose -2*c = -3 + 7. What are the prime factors of (-27 - -17)/(248/(-123) - c)?
3, 5, 41
Suppose 2*v = -3*h + 7227 + 12110, v = -h + 6448. List the prime factors of h.
3, 19, 113
Suppose 9*a - 21 - 15 = 0. Suppose -4*v + 4095 = v. Suppose -3*k + v = 2*k - b, b + 656 = a*k. What are the prime factors of k?
163
Suppose -5*o - 3*z = -6*o + 10, -z = 5. Let b(d) = d**2 - 18*d - 26. What are the prime factors of b(o)?
89
Let o(l) = l**3 + 18*l**2 - 28*l + 17. Let i = 87 + -132. Let z = i - -26. What are the prime factors of o(z)?
2, 47
Let i = 50545 - 33588. List the prime factors of i.
31, 547
Let w = 221 + -210. Let l = w - -281. What are the prime factors of l?
2, 73
Let z = -31148 - -53427. What are the prime factors of z?
22279
Suppose -4*k + 28185 = -3*f, 0 = 20*k - 16*k + 6*f - 28230. What are the prime factors of k?
2, 3, 5, 47
Suppose 0 = -2*a - 5*l + 52074, 141*a - 104058 = 137*a + 5*l. List the prime factors of a.
2, 3, 4337
Let c(l) = -5714*l + 13084. List the prime factors of c(-4).
2, 3, 5, 599
List the prime factors of 5741 - ((-22 - -17) + 1).
3, 5, 383
Let w = -154 - -162. Suppose 157 + 475 = w*x. What are the prime factors of x?
79
Let f(s) = 47*s**2 + 9*s + 35. What are the prime factors of f(-9)?
3761
Suppose 1579*j = 1503*j + 1055640. List the prime factors of j.
2, 3, 5, 463
Let x be 12*(-2)/(-1 + 5). Let z be (-20)/x*(-81)/(-15). List the prime factors of (z - -4) + (-3 - 0).
19
Suppose 48*h - 434714 = -29*h + 65170. What are the prime factors of h?
2, 3, 541
Let g = -6209 + 8961. Suppose -22*j = -5278 - g. What are the prime factors of j?
5, 73
Let l(o) = 12201*o**3 + 3*o**2 - 4*o + 1. What are the prime factors of l(1)?
3, 7, 83
What are the prime factors of 4/(-38) - ((-12)/(-36) - (-736294)/(-57))?
12917
Let l = 103783 - 69046. What are the prime factors of l?
3, 11579
Let x = -39 + 42. Suppose q - 4*b = -9, -5*q + b = -x*b - 3. Suppose k - 4*k + p + 76 = 0, -q*k = 5*p - 70. List the prime factors of k.
5
Let j be (-2)/(-3 - (-1 + -1)). Suppose -4*r = -j*r + y - 267, 3*y + 423 = 3*r. What are the prime factors of r?
2, 17
Let v(k) = -3*k**2 + 46*k - 51. Let g be v(14). Suppose -4*x + 6935 = -s, g*x + 4*s = 4637 + 4016. List the prime factors of x.
1733
Let w = -64 - -41. Let x = -23 - w. Suppose 2*n = 56 - x. List the prime factors of n.
2, 7
Let b(q) = 3*q - 1. Let n be b(-6). Let l = -16 - n. Let k = 78 - l. List the prime factors of k.
3, 5
Let m = 101 + -86. Suppose -3*u + 3*r + 480 = 0, m = -r - 2*r. What are the prime factors of u?
5, 31
Suppose 3*w - 569 = -3*f + 4*f, 2*f + 5*w = -1149. Let r = f - -918. What are the prime factors of r?
2, 173
Let g(s) = 3197*s - 180. What are the prime factors of g(3)?
3, 3137
Let s(i) = -14*i**3 + 12*i**2 - 4*i + 22. Let b be s(-10). Suppose -9*d - 6082 + b = 0. What are the prime factors of d?
2, 3, 5, 17
Suppose 5*x - 58 = 7*k - 596, -2*k + x = -152. List the prime factors of (-1)/(-2) + 44881/k.
607
Let a = 609 + -1228. Let s = -511 - a. List the prime factors of s.
2, 3
Suppose -5*g = 3*u + u - 24, 4*g - 11 = 5*u. Let d(h) = -u + 2 - 3 + 117*h - 1. List the prime factors of d(1).
2, 3, 19
Let q(m) = 110 + 4*m - 19*m**2 + 28*m**2 - 68. List the prime factors of q(-13).
1511
Let u(a) = -13*a + 54. Let k be u(3). What are the prime factors of (-12)/k - (-39933)/135?
5, 59
Suppose -7357 = -42*a + 5663. What are the prime factors of a?
2, 5, 31
Let f(i) = 430*i + 116. What are the prime factors of f(5)?
2, 11, 103
What are the prime factors of 2346/299 + 4/26 - -7528?
2, 3, 157
Let l = -59991 + 87255. List the prime factors of l.
2, 3, 71
Suppose 0 = 3*n + j - 55352, j - 2 = -6. What are the prime factors of n?
2, 7, 659
Let b(s) = s**3 + 6*s**2 - 49*s - 63. Let x be b(-10). Let k = 4 - -2. List the prime factors of (x/5)/(k/(35 + -5)).
3
Let z(b) = 59*b - 192. Let i(j) = 26*j - 96. Let d be i(4). List the prime factors of z(d).
2, 5, 7
Let j be (-5 + 44/8)*0. What are the prime factors of 994 + (-2 - (-1 - j))?
3, 331
Let m = -385 + 503. Suppose 2*a - m - 618 = 0. What are the prime factors of a?
2, 23
Let d = 6951 + -1170. Suppose 0 = -13*w + d - 1959. List the prime factors of w.
2, 3, 7
Suppose 684*r - 672*r = 12948. What are the prime factors of r?
13, 83
Suppose -2*o = 4*q + 970, -3*o - o + 988 = -4*q. Let c = q - -135. Let p = c - -274. What are the prime factors of p?
3, 5, 11
Let z(b) = 75*b**2 - 351*b + 79. List the prime factors of z(-17).
19, 1459
Suppose 0 = -97*s + 70033 + 473652. List the prime factors of s.
5, 19, 59
Let f be ((-4)/14 - 0) + (-54852)/98. Let y = -250 - f. What are the prime factors of y?
2, 5, 31
Let y(m) = -14*m - 36. Let a(p) = -13*p - 35. Let z(s) = 5*a(s) - 4*y(s). List the prime factors of z(-17).
2, 61
Let d = 5212 - -589. List the prime factors of d.
5801
What are the prime factors of (-5 + (-300)/(-18))/(6/(-18))*-559?
5, 7, 13, 43
Let h = 31 - 29. Suppose k - 4 = 3*k, h*c = k. Let x(f) = -32*f**3 + f**2 + 2*f + 1. What are the prime factors of x(c)?
2
Let k(p) = 1117*p**2 + 23*p - 90. What are the prime factors of k(-6)?
2, 3, 7, 17
Let g be ((-1204)/(-56))/((-1)/(-2)). Let k(x) = -2*x**2 - 9*x. Let t be k(-6). Let f = t + g. What are the prime factors of f?
5
Let p be -1 + 0 + 1 - (-316 - -147). Suppose 322 = 2*k + 2*k - 2*i, -2*k + 167 = -3*i. Let q = p - k. List the prime factors of q.
2, 3, 5
Let a be 3*(1 - 20/(-30)). What are the prime factors of a/(50/952)*485/194?
2, 7, 17
Let y(t) = -145*t - 38. Suppose -35 = 10*z - 5. What are the prime factors of y(z)?
397
Let n = -1302 - -7675. List the prime factors of n.
6373
Suppose -4*m - 15*m = -4*m - 89820. List the prime factors of m.
2, 3, 499
Let p = 1468 - 1263. List the prime factors of p.
5, 41
Let c be (-4)/(1*-3*(-4)/(-6)). Suppose 0 = -3*a - 5*b + 1286, c*a - 1258 = -a + 2*b. What are the prime factors of a?
2, 211
Let d = -116 - -110. Let a = -4 - -2. What are the prime factors of (-89)/a*d/(-3)?
89
Let f = 818 + -389. Suppose -4*j + 1295 = -f. What are the prime factors of j?
431
Let o(f) = f + 19. Let u be o(-12). Suppose -7 = u*i - 7. Suppose -8*p + 10*p - 346 = i. List the prime factors of p.
173
Sup